{"id":78,"date":"2023-05-19T18:14:17","date_gmt":"2023-05-19T18:14:17","guid":{"rendered":"https:\/\/centralsatpy.com\/?page_id=78"},"modified":"2023-09-14T01:54:58","modified_gmt":"2023-09-14T01:54:58","slug":"quienes-somos","status":"publish","type":"page","link":"https:\/\/centralsatpy.com\/?page_id=78","title":{"rendered":"Quienes Somos"},"content":{"rendered":"\n<blockquote class=\"wp-block-quote is-layout-flow wp-block-quote-is-layout-flow\">\n<p>Somos una empresa 100% Paraguaya de Seguridad con cobertura nacional e internacional fundada en el 2018, contamos con una amplia experiencia, dedicada a brindar soluciones efectivas e integrales en servicio de localizaci\u00f3n, seguridad electr\u00f3nica de veh\u00edculos y optimizaci\u00f3n en los costes de transporte para la administraci\u00f3n de flotas a trav\u00e9s de tecnolog\u00eda satelital.<\/p>\n<\/blockquote>\n\n\n\n<blockquote class=\"wp-block-quote is-layout-flow wp-block-quote-is-layout-flow\">\n<p>Contamos con m\u00e1s que un dispositivo electr\u00f3nico que junto con la filosof\u00eda comercial en proveer soluciones integrales, manteniendo un firme compromiso con la innovaci\u00f3n tecnol\u00f3gica permanente, el desarrollo humano y la atenci\u00f3n personalizada durante las 24 horas los 365 d\u00edas del a\u00f1o\u2026. ofrecemos un buen servicio a fin de satisfacer las necesidades a la altura de los m\u00e1s elevados est\u00e1ndares de calidad a nivel mundial para su mejor experiencia, haciendo que cada cliente se sienta parte integral de nuestra empresa y nosotros parte de sus vidas\u2026<\/p>\n<\/blockquote>\n\n\n\n<blockquote class=\"wp-block-quote is-layout-flow wp-block-quote-is-layout-flow\">\n<p>Contamos con una amplia cartera de usuarios activos en toda la Rep\u00fablica del Paraguay quienes nos ubican entre una de las 3 empresas l\u00edderes en el mercado paraguayo en monitoreo satelital y alarmas vehiculares.<\/p>\n<\/blockquote>\n","protected":false},"excerpt":{"rendered":"<p>Somos una empresa 100% Paraguaya de Seguridad con cobertura nacional e internacional fundada en el 2018, contamos con una amplia experiencia, dedicada a brindar soluciones efectivas e integrales en servicio de localizaci\u00f3n, seguridad electr\u00f3nica de veh\u00edculos y optimizaci\u00f3n en los costes de transporte para la administraci\u00f3n de flotas a trav\u00e9s de tecnolog\u00eda satelital. Contamos con [&hellip;]<\/p>\n","protected":false},"author":1,"featured_media":0,"parent":0,"menu_order":0,"comment_status":"closed","ping_status":"closed","template":"","meta":{"footnotes":""},"class_list":["post-78","page","type-page","status-publish","hentry"],"_links":{"self":[{"href":"https:\/\/centralsatpy.com\/index.php?rest_route=\/wp\/v2\/pages\/78","targetHints":{"allow":["GET"]}}],"collection":[{"href":"https:\/\/centralsatpy.com\/index.php?rest_route=\/wp\/v2\/pages"}],"about":[{"href":"https:\/\/centralsatpy.com\/index.php?rest_route=\/wp\/v2\/types\/page"}],"author":[{"embeddable":true,"href":"https:\/\/centralsatpy.com\/index.php?rest_route=\/wp\/v2\/users\/1"}],"replies":[{"embeddable":true,"href":"https:\/\/centralsatpy.com\/index.php?rest_route=%2Fwp%2Fv2%2Fcomments&post=78"}],"version-history":[{"count":3,"href":"https:\/\/centralsatpy.com\/index.php?rest_route=\/wp\/v2\/pages\/78\/revisions"}],"predecessor-version":[{"id":158,"href":"https:\/\/centralsatpy.com\/index.php?rest_route=\/wp\/v2\/pages\/78\/revisions\/158"}],"wp:attachment":[{"href":"https:\/\/centralsatpy.com\/index.php?rest_route=%2Fwp%2Fv2%2Fmedia&parent=78"}],"curies":[{"name":"wp","href":"https:\/\/api.w.org\/{rel}","templated":true}]}}